-51 - o. Calculate the remainder when z is divided by 12.
7
Suppose -3*m - 23 = -83. Suppose 15*v + m = 11*v, 0 = -5*h - 2*v + 760. Calculate the remainder when h is divided by 39.
37
Suppose -5*k = 3*i + 104, 3*k - 4*i = 4*k + 14. Let c = k - -41. Suppose -2*y + y = 2*m - 44, c = y - 3*m. What is the remainder when y is divided by 10?
4
Suppose 3*n + 5 = 23. Suppose -13*b = 5*l - 15*b - 433, -3*l - 4*b + 265 = 0. What is the remainder when l is divided by n?
3
Let c = 11355 - 11186. Calculate the remainder when c is divided by 6.
1
Let x(h) = -2*h**2 + 29*h - 29. Let l = 10 + 0. Calculate the remainder when x(12) is divided by l.
1
Let m = -2500 - -2530. Calculate the remainder when 628 is divided by m.
28
What is the remainder when 38 is divided by -12*(-14 + 9)*1/4?
8
Suppose -5*n + 40 = 0, -4*k + 18*n + 48 = 17*n. Suppose 0 = 4*j + 18 - 50. Calculate the remainder when k is divided by j.
6
Suppose -243 = -u - 241. Suppose 3*q = -q + 3*w + 65, 0 = 5*q + u*w - 110. Calculate the remainder when 119 is divided by q.
19
Let r(o) = -o**3 + 12*o**2 + 8*o + 15. Let a be r(-11). What is the remainder when ((-22)/55)/((-4)/a) is divided by 25?
21
Suppose 150*k - 125134 + 32504 = 67870. Calculate the remainder when k is divided by 156.
134
Let u = -3896 - -3943. Let o(x) = -x**2 - 7*x - 6. Calculate the remainder when u is divided by o(-4).
5
Calculate the remainder when ((-2)/(-3))/((-16)/(-6456) + 0) is divided by (53 + -59)*((-15)/2)/1.
44
What is the remainder when (196/294)/((-1)/(-99)) is divided by ((9/3)/((-6)/(-18)))/1?
3
Let q = 1930 + -1325. Calculate the remainder when 1229 is divided by q.
19
Let y = -5 + 13. Let c(t) = 4*t**3 - 5*t**2 + 10*t - 11. What is the remainder when c(2) is divided by y?
5
Calculate the remainder when 664 is divided by 8 + -1 + -3*(-112)/48.
6
Let a(d) be the second derivative of -7*d**5/10 + d**4/12 - d**3/2 - 15*d**2/2 - 106*d. Calculate the remainder when a(-3) is divided by 16.
13
Suppose -8*x + 360 = 7*x. Suppose 0 = -x*h + 1805 + 2467. Calculate the remainder when h is divided by 36.
34
Let g(t) = -1. Let v(b) = 4*b + 107. Let c(d) = -22*g(d) + 2*v(d). What is the remainder when c(-20) is divided by 76?
0
Let y(b) = -13*b + 33. Let z(p) = -p + 2. Let l(d) = y(d) - 2*z(d). Calculate the remainder when l(2) is divided by 3.
1
Suppose -2*o + 438 = -4*f, 4*o - 2*f + 231 = 5*o. Let v = -86 + o. What is the remainder when v is divided by 41?
16
What is the remainder when 996 is divided by 472*1*783/754 + (-4)/26?
16
Suppose 2*a + 11 = -p, 5*a - 20 = 4*p - 80. What is the remainder when a/10 - 18/(-60)*36 is divided by (3 + -1)*(0 + 1)?
0
Let c be (-1)/(-5) + 298/10. Suppose 0*f = f - c. Suppose -89 = -b + 58. What is the remainder when b is divided by f?
27
Suppose 3*m = -2*k + 1047 + 876, -4*m + 2574 = k. What is the remainder when m is divided by 108?
105
Let s = 14753 - 14661. Calculate the remainder when 7083 is divided by s.
91
Suppose 0 = -5*s - q + 3047, -3015 = -19*s + 14*s - 5*q. Calculate the remainder when s is divided by 14.
9
Suppose 4*s = -5*m - 256, 353 = -2*s - 3*s + 2*m. Let u = -34 - s. Calculate the remainder when 313 is divided by u.
33
Suppose 17717 + 52723 = 120*n. Suppose 5*u = 29 + 31. Calculate the remainder when n is divided by u.
11
Let g = 49007 - 16489. What is the remainder when g is divided by 271?
269
Let x(g) = -35 + g**2 + 21 - 3*g + 28 - g. What is the remainder when 61 is divided by x(4)?
5
Let p(u) = -20*u + 66. Let l(f) = -7*f - 32. Let q be l(-5). Let g(z) = -z**3 + 9*z**2 - 12*z - 13. What is the remainder when g(6) is divided by p(q)?
5
Suppose -124 = -34*g - 7*g + 1065. Calculate the remainder when 1158 is divided by g.
27
Let h(u) = -5*u - 2. Let m be h(-2). Suppose 20 - m = 4*f. What is the remainder when 119 is divided by (2/8 - (-111)/4) + f?
26
Suppose -13 = -5*j + 7. What is the remainder when (-2 - j)*(-94)/6 is divided by 96/80 - (-1)/((-5)/(-154))?
30
Suppose 0 = 494*z - 533*z + 15405. Calculate the remainder when 413 is divided by z.
18
Let v(p) = 3*p**2 + 6*p + 17. Let k be v(-6). Let y(d) = d + 8. Let m be y(-7). Suppose -m = -9*l + k. What is the remainder when 16 is divided by l?
6
Suppose 2314 - 9214 = -15*z. Calculate the remainder when z is divided by 74.
16
Suppose 439*p - 9217 - 4386 - 2640 = 0. Let s(g) = 2*g**2 + 8*g + 6. What is the remainder when p is divided by s(-6)?
7
Let l(b) = -b**3 - 86*b**2 - 195*b + 129. Calculate the remainder when l(-84) is divided by 25.
22
Suppose -5*b + i = -1118, -118*i = 3*b - 122*i - 681. Calculate the remainder when 243 is divided by b.
20
Let j(v) = v**2 - 14*v + 18. Let y be j(12). Let u = -2 - y. Suppose u*b - b = 84. What is the remainder when 54 is divided by b?
26
Let q(j) = -2*j**2 + 14*j - 12. Let i be q(5). Suppose -12*d + 680 = i*d. Calculate the remainder when d is divided by 7.
6
Suppose 0 = -6*j - 17 + 5. Suppose 0 = -3*t + 5 + 28. What is the remainder when t is divided by (35/35)/(j/(-6))?
2
Let f = -3852 + 3948. What is the remainder when 435 is divided by f?
51
Let y = -9486 + 9573. What is the remainder when y is divided by 54?
33
Suppose 239 = -4*v + 83. What is the remainder when ((52/v)/((-4)/(-138)))/(-1) is divided by 6?
4
Suppose -12 = -t + 2*s, s + s = -2. Let r = 98 - -48. Suppose 0 = -4*u + 5*b + 124, 5*b - b = 5*u - r. What is the remainder when u is divided by t?
6
Suppose 0*m = -2*m + 8. Suppose m*p - 51 = p - 4*s, -5*p + 5*s + 50 = 0. Calculate the remainder when 5*13 - (9 + -7) is divided by p.
11
Let j = -10619 - -11495. Calculate the remainder when j is divided by 153.
111
Let u(i) = 838*i + 16. Let r be u(1). Let c = 289 + r. What is the remainder when c is divided by 104?
103
Let c(a) = 4*a + 39. Let o be -10 - (-972)/99 - (-62)/(-22). What is the remainder when 132 is divided by c(o)?
24
Suppose -2700 - 18258 = -42*b. What is the remainder when b is divided by 28?
23
Let u = -13910 + 13926. What is the remainder when 171 is divided by u?
11
Suppose 0 = -4*i + 2 + 6, -4*q = i - 10. Suppose -5*a - 5*m + 30 = 0, -q*a + 3*a = -4*m + 18. What is the remainder when 21 is divided by a?
1
Suppose -45*g = -32*g + 52. Calculate the remainder when 229 is divided by g + 1 - (-76 + -6).
71
Let w be (3 + 0 + -1)/(2/(-7)). Let r be (-62)/w + 7 + (-336)/49. Let z = 2 + r. What is the remainder when 19 is divided by z?
8
Let w = -902 + 624. Let k = 308 + w. What is the remainder when k is divided by 11?
8
Let u be 570/21 + -1 + (-3)/21. Let c(p) = -p**3 + 25*p**2 + 29*p - 70. Calculate the remainder when 133 is divided by c(u).
5
Let r(t) = t - 141. Let j be r(13). Let x = j - -140. What is the remainder when x is divided by 5?
2
Let f = 985 + -627. Let k = -11144 - -11159. Calculate the remainder when f is divided by k.
13
Let l = -71 + 79. Suppose -l*z = -14*z. Calculate the remainder when 70 is divided by (1 - z) + 30 + 5.
34
Let i = 134 - 132. Suppose -4*n = 2*l - 44, 0 = 4*l + i*n - 83 + 25. Calculate the remainder when l is divided by 2.
0
Suppose -10*r + 1412 = -338. Suppose 2*a + 0*a = -5*u + r, 4*u + 4*a = 140. Calculate the remainder when 162 is divided by u.
22
Suppose 109*q = 134*q - 3075. What is the remainder when q is divided by 21?
18
Let b = -14 - -103. Suppose -y = 3*i - b, -i - 20*y + 24*y + 8 = 0. What is the remainder when i is divided by 12?
4
Let d(k) = -8*k**3 + 250*k**2 + 13*k + 164. Calculate the remainder when d(31) is divided by 1232.
25
Suppose -1308*g + 632 = -1300*g. Let f(p) be the third derivative of 2*p**5/15 + p**4/24 - 9*p**2. What is the remainder when g is divided by f(1)?
7
Let l = 2051 - 1606. Calculate the remainder when l is divided by 126.
67
Suppose -8*a + 46 = 18*o - 16*o, -45 = -3*o - 4*a. What is the remainder when 1025 is divided by o?
2
Let h(z) = 5*z**3 + 3*z**2 - 2. Let x be h(2). Suppose 296 = -5*m + 91. Let q = x + m. Calculate the remainder when 41 is divided by q.
5
Suppose 0 = 2*l - 4*w - 1310, 3*w - 6*w = -3*l + 1968. What is the remainder when l is divided by 66?
63
What is the remainder when 1/(2 - 561/281) is divided by 69?
5
Let j(h) = -35*h**2 - h. Let y be j(1). Let v = 47 + y. Suppose a + 4*k - 62 = 0, 15*k - 18*k = -15. Calculate the remainder when a is divided by v.
9
What is the remainder when 584 is divided by (-96)/64*954/